{"version":"1.0","provider_name":"k\u00fcsz\u00f6B","provider_url":"https:\/\/kuszob.cafeblog.hu","author_name":"Bagolyka","author_url":"https:\/\/kuszob.cafeblog.hu\/author\/bagolyka\/","title":"A megunhatatlanul sokoldal\u00fa raklap","html":"<p>Nem egy \u00faj t\u00e9ma, de annyira sokf\u00e9lek\u00e9ppen felhaszn\u00e1lhat\u00f3, hogy az \u00fajrahasznos\u00edtott diz\u00e1jn rovatban mindenk\u00e9ppen sz\u00f3t kell ejten\u00fcnk r\u00f3la. Tegnap p\u00e9ld\u00e1ul az egyik nagy bev\u00e1s\u00e1rl\u00f3k\u00f6zpont eleg\u00e1ns divat\u00fczlet\u00e9nek kirakat\u00e1ban kacsintottak r\u00e1m a deszkalapok. \u00a0<\/p>\r\n<p>Haszn\u00e1lhatjuk \u0151ket eredeti \u00e1llapot\u00e1ban, azaz raklapk\u00e9nt, vagy a szegeket elt\u00e1vol\u00edtva szinte b\u00e1rmi k\u00e9sz\u00edthet\u0151 az \u00edgy nyert fa alapanyagb\u00f3l. A 3000 forint k\u00f6r\u00fcli raklap \u00e1r, valamint a sz\u00e9p rusztikus haszn\u00e1lt fa mindenk\u00e9ppen meg\u00e9ri a csiszol\u00e1ssal, p\u00e1col\u00e1ssal j\u00e1r\u00f3 f\u00e1radalmakat.\u00a0A raklapb\u00f3l k\u00e9sz\u00edtett t\u00e1rgyak nem csak az ipari st\u00edlus rajong\u00f3inak otthon\u00e1ban mutatnak j\u00f3l, hiszen a fa sz\u00ednez\u00e9s\u00e9vel \u00e9s kieg\u00e9sz\u00edt\u0151kkel\u00a0j\u00f3l illeszthet\u0151ek b\u00e1rmilyen k\u00f6rnyezetbe. Na j\u00f3, tal\u00e1n egy barokk kast\u00e9lyba kev\u00e9sb\u00e9...<\/p>\r\n<p>Ahogy a lakberendez\u00e9s m\u00e1s ter\u00fcletein, itt is fontos az egyens\u00faly megtal\u00e1l\u00e1sa, azaz egy vagy k\u00e9t karakteres darab hozz\u00e1ad, t\u00fal sok viszont m\u00e1r elvesz a hangulatb\u00f3l. Az \u00e9n kedvenceim azok a b\u00fatorok, ahol\u00a0a fa eredeti sz\u00edn\u00e9t p\u00e1col\u00e1ssal vagy mint\u00e1zat\u00e1t antikol\u00e1ssal emelik ki.<\/p>\r\n<p>Nagyon tetszik p\u00e9ld\u00e1ul T\u00fcnd\u00e9\u00e9k gurul\u00f3s doh\u00e1nyz\u00f3asztala, amit \u00fan. whitewash technik\u00e1val\u00a0k\u00e9sz\u00edtett. Ez a fest\u00e9si m\u00f3d nagyon j\u00f3 antikol\u00e1sra: egy megl\u00e9v\u0151 s\u00f6t\u00e9t sz\u00ednre vil\u00e1gosabb \"bemos\u00e1s\" k\u00e9sz\u00fcl, azaz nem v\u00e1rjuk meg am\u00edg megsz\u00e1rad a fest\u00e9k, hanem a felvitelt k\u00f6vet\u0151en hagyjuk egy kicsit besz\u00edv\u00f3dni, majd p\u00e1r perc m\u00falva let\u00f6r\u00f6lj\u00fck:<\/p>\r\n<p><a href=\"https:\/\/kuszob.cafeblog.hu\/files\/2016\/01\/tunde_whitewash.jpg\"><img class=\"aligncenter size-full wp-image-842\" src=\"https:\/\/kuszob.cafeblog.hu\/files\/2016\/01\/tunde_whitewash.jpg\" alt=\"tunde_whitewash\" width=\"983\" height=\"492\" \/><\/a><\/p>\r\n<p>Raklapb\u00f3l alapanyagb\u00f3l k\u00e9sz\u00fclhet fali dekor\u00e1ci\u00f3, de haszn\u00e1lati t\u00e1rgyak garmad\u00e1ja is, lehet fogas, palacktart\u00f3 vagy konyhai eszk\u00f6z\u00f6k t\u00e1rol\u00e1s\u00e1ra alkalmas polc. A legegyszer\u0171bb a doh\u00e1nyz\u00f3asztal, amihez csak gurul\u00f3s l\u00e1bakra van sz\u00fcks\u00e9g, vagy a kanap\u00e9, amihez csup\u00e1n egym\u00e1sra kell helyezni a raklapokat, a munka nagy r\u00e9sze itt ink\u00e1bb a matrac \u00e9s a p\u00e1rn\u00e1k elk\u00e9sz\u00edt\u00e9se lesz.\u00a0<\/p>\r\n<p><a href=\"https:\/\/kuszob.cafeblog.hu\/files\/2016\/01\/pallo_kuszob1.jpg\"><img class=\"aligncenter size-full wp-image-844\" src=\"https:\/\/kuszob.cafeblog.hu\/files\/2016\/01\/pallo_kuszob1.jpg\" alt=\"pallo_kuszob1\" width=\"983\" height=\"492\" \/><\/a><\/p>\r\n<p><a href=\"https:\/\/kuszob.cafeblog.hu\/files\/2016\/01\/pallo_kuszob2.jpg\"><img class=\"aligncenter size-full wp-image-845\" src=\"https:\/\/kuszob.cafeblog.hu\/files\/2016\/01\/pallo_kuszob2.jpg\" alt=\"pallo_kuszob2\" width=\"983\" height=\"666\" \/><\/a><\/p>\r\n<p><a href=\"https:\/\/kuszob.cafeblog.hu\/files\/2016\/01\/pallo_kuszob5.jpg\"><img class=\"aligncenter size-full wp-image-848\" src=\"https:\/\/kuszob.cafeblog.hu\/files\/2016\/01\/pallo_kuszob5.jpg\" alt=\"pallo_kuszob5\" width=\"983\" height=\"492\" \/><\/a><\/p>\r\n<p><a href=\"https:\/\/kuszob.cafeblog.hu\/files\/2016\/01\/pallo_kuszob3.jpg\"><img class=\"aligncenter size-full wp-image-846\" src=\"https:\/\/kuszob.cafeblog.hu\/files\/2016\/01\/pallo_kuszob3.jpg\" alt=\"pallo_kuszob3\" width=\"983\" height=\"666\" \/><\/a><\/p>\r\n<p><a href=\"https:\/\/kuszob.cafeblog.hu\/files\/2016\/01\/pallo_kuszob4.jpg\"><img class=\"aligncenter size-full wp-image-847\" src=\"https:\/\/kuszob.cafeblog.hu\/files\/2016\/01\/pallo_kuszob4.jpg\" alt=\"pallo_kuszob4\" width=\"983\" height=\"492\" \/><\/a><\/p>\r\n<p>Ha valaki kedvet kapott a gy\u00e1rt\u00e1shoz, akkor <a href=\"http:\/\/ezermester.hu\/cikk-7180\/Raklapbutorok\" target=\"_blank\">itt<\/a> tal\u00e1l \u00f6tleteket, hogyan v\u00e1lassza ki a j\u00f3 min\u0151s\u00e9g\u0171 alapanyagot, mire figyeljen stb.<\/p>\r\n<p>Ha pedig nem v\u00e1llalkozn\u00e1l arra, hogy te gy\u00e1rts raklapb\u00f3l b\u00fatort, de m\u00e9gis szeretn\u00e9l egyet, meg is rendelheted\u00a0a <a href=\"http:\/\/kalappraklap.tk\/\" target=\"_blank\">Kalapp<\/a>n\u00e1l.<\/p>\r\n<p>&nbsp;<\/p>\r\n<p>K\u00e9pek forr\u00e1sa:<br \/>TT<br \/><a href=\"http:\/\/ezermester.hu\/cikk-7180\/Raklapbutorok\" target=\"_blank\">Ezermester<\/a><a href=\"http:\/\/ezermester.hu\/cikk-7180\/Raklapbutorok\"><br \/><\/a><a href=\"https:\/\/hu.pinterest.com\/search\/pins\/?q=pallet&amp;rs=typed&amp;term_meta%5B%5D=pallet%7Ctyped\">Pinterest<\/a><\/p>","type":"rich","thumbnail_url":"https:\/\/kuszob.cafeblog.hu\/files\/2016\/01\/pallo_kuszob5-150x150.jpg","thumbnail_width":150,"thumbnail_height":150}

küszöB

A megunhatatlanul sokoldalú raklap

<p>Nem egy új téma, de annyira sokféleképpen felhasználható, hogy az újrahasznosított dizájn rovatban mindenképpen szót kell ejtenünk róla. Tegnap például az egyik nagy bevásárlóközpont elegáns divatüzletének kirakatában kacsintottak rám a deszkalapok.  </p>
<p>Használhatjuk őket eredeti állapotában, azaz raklapként, vagy a szegeket eltávolítva szinte bármi készíthető az így nyert fa alapanyagból. A 3000 forint körüli raklap ár, valamint a szép rusztikus használt fa mindenképpen megéri a csiszolással, pácolással járó fáradalmakat. A raklapból készített tárgyak nem csak az ipari stílus rajongóinak otthonában mutatnak jól, hiszen a fa színezésével és kiegészítőkkel jól illeszthetőek bármilyen környezetbe. Na jó, talán egy barokk kastélyba kevésbé...</p>
<p>Ahogy a lakberendezés más területein, itt is fontos az egyensúly megtalálása, azaz egy vagy két karakteres darab hozzáad, túl sok viszont már elvesz a hangulatból. Az én kedvenceim azok a bútorok, ahol a fa eredeti színét pácolással vagy mintázatát antikolással emelik ki.</p>
<p>Nagyon tetszik például Tündéék gurulós dohányzóasztala, amit ún. whitewash technikával készített. Ez a festési mód nagyon jó antikolásra: egy meglévő sötét színre világosabb "bemosás" készül, azaz nem várjuk meg amíg megszárad a festék, hanem a felvitelt követően hagyjuk egy kicsit beszívódni, majd pár perc múlva letöröljük:</p>
<p><a href="https://kuszob.cafeblog.hu/files/2016/01/tunde_whitewash.jpg"><img class="aligncenter size-full wp-image-842" src="https://kuszob.cafeblog.hu/files/2016/01/tunde_whitewash.jpg" alt="tunde_whitewash" width="983" height="492" /></a></p>
<p>Raklapból alapanyagból készülhet fali dekoráció, de használati tárgyak garmadája is, lehet fogas, palacktartó vagy konyhai eszközök tárolására alkalmas polc. A legegyszerűbb a dohányzóasztal, amihez csak gurulós lábakra van szükség, vagy a kanapé, amihez csupán egymásra kell helyezni a raklapokat, a munka nagy része itt inkább a matrac és a párnák elkészítése lesz. </p>
<p><a href="https://kuszob.cafeblog.hu/files/2016/01/pallo_kuszob1.jpg"><img class="aligncenter size-full wp-image-844" src="https://kuszob.cafeblog.hu/files/2016/01/pallo_kuszob1.jpg" alt="pallo_kuszob1" width="983" height="492" /></a></p>
<p><a href="https://kuszob.cafeblog.hu/files/2016/01/pallo_kuszob2.jpg"><img class="aligncenter size-full wp-image-845" src="https://kuszob.cafeblog.hu/files/2016/01/pallo_kuszob2.jpg" alt="pallo_kuszob2" width="983" height="666" /></a></p>
<p><a href="https://kuszob.cafeblog.hu/files/2016/01/pallo_kuszob5.jpg"><img class="aligncenter size-full wp-image-848" src="https://kuszob.cafeblog.hu/files/2016/01/pallo_kuszob5.jpg" alt="pallo_kuszob5" width="983" height="492" /></a></p>
<p><a href="https://kuszob.cafeblog.hu/files/2016/01/pallo_kuszob3.jpg"><img class="aligncenter size-full wp-image-846" src="https://kuszob.cafeblog.hu/files/2016/01/pallo_kuszob3.jpg" alt="pallo_kuszob3" width="983" height="666" /></a></p>
<p><a href="https://kuszob.cafeblog.hu/files/2016/01/pallo_kuszob4.jpg"><img class="aligncenter size-full wp-image-847" src="https://kuszob.cafeblog.hu/files/2016/01/pallo_kuszob4.jpg" alt="pallo_kuszob4" width="983" height="492" /></a></p>
<p>Ha valaki kedvet kapott a gyártáshoz, akkor <a href="http://ezermester.hu/cikk-7180/Raklapbutorok" target="_blank">itt</a> talál ötleteket, hogyan válassza ki a jó minőségű alapanyagot, mire figyeljen stb.</p>
<p>Ha pedig nem vállalkoznál arra, hogy te gyárts raklapból bútort, de mégis szeretnél egyet, meg is rendelheted a <a href="http://kalappraklap.tk/" target="_blank">Kalapp</a>nál.</p>
<p>&nbsp;</p>
<p>Képek forrása:<br />TT<br /><a href="http://ezermester.hu/cikk-7180/Raklapbutorok" target="_blank">Ezermester</a><a href="http://ezermester.hu/cikk-7180/Raklapbutorok"><br /></a><a href="https://hu.pinterest.com/search/pins/?q=pallet&amp;rs=typed&amp;term_meta%5B%5D=pallet%7Ctyped">Pinterest</a></p>
