{"version":"1.0","provider_name":"k\u00fcsz\u00f6B","provider_url":"https:\/\/kuszob.cafeblog.hu","author_name":"TT","author_url":"https:\/\/kuszob.cafeblog.hu\/author\/tt\/","title":"Ny\u00e1ri lak Sv\u00e9dorsz\u00e1gb\u00f3l","html":"<p>B\u00e1r m\u00e9g sosem voltam, de valahogy mindig is vonzottak az elhagyatott tengerparton, term\u00e9szetes z\u00f6ld k\u00f6rnyezetben megb\u00fav\u00f3\u00a0skandin\u00e1v nyaral\u00f3k. Mivel a tulajdonosok csak ny\u00e1ron, n\u00e9h\u00e1ny h\u00e9tre telep\u00fclnek ide, ez\u00e9rt a skandin\u00e1v st\u00edlusra jellemz\u0151 funkcionalit\u00e1s \u00e9s letisztults\u00e1g itt hatv\u00e1nyozottan van jelen. M\u00e1r-m\u00e1r zavar\u00f3an egyhang\u00fa a feh\u00e9r-sz\u00fcrke-nat\u00far sz\u00ednek \u00e1ltal l\u00e9trehozott szomork\u00e1s\u00a0sz\u00ednvil\u00e1g. Van benne egyfajta keser\u00e9des melank\u00f3lia, amit speciel \u00e9n b\u00edrok, de nagyon meg\u00f6r\u00fcltem, amikor r\u00e1akadtam erre a mer\u00e9szebb sz\u00ednhaszn\u00e1latot felvonultat\u00f3 sv\u00e9d ny\u00e1ri lakra.\u00a0<\/p>\r\n<p>A keretet itt is a nat\u00far \u00e9s a feh\u00e9r sz\u00ednek dominanci\u00e1ja hat\u00e1rozza meg, viszont rengeteg sz\u00ednes kieg\u00e9sz\u00edt\u0151 gondoskodik a vid\u00e1m, \u00e9lettel teli hangulatr\u00f3l.\u00a0Az el\u0151szoba tarka rongysz\u0151nyege, kellemes mint\u00e1j\u00fa \u00e9s \u00e1rnyalat\u00fa tap\u00e9t\u00e1ja szel\u00edden tess\u00e9keli beljebb a l\u00e1togat\u00f3kat, hogy az \u00e9tkez\u0151be\u00a0\u00e9rve a\u00a0rozsdav\u00f6r\u00f6s pad \u00e9s sz\u00e9kek, puha\u00a0p\u00e1rn\u00e1k \u00e1ltal\u00a0megteremtett k\u00e9nyelemben csinos kis vintage te\u00e1sk\u00e9szletb\u0151l kortyolgass\u00e1k\u00a0a d\u00e9lut\u00e1ni\u00a0te\u00e1t. A h\u00e1l\u00f3szob\u00e1ban egy vadr\u00f3zsamint\u00e1s tap\u00e9ta \u00e9s egy\u00a0f\u00e1b\u00f3l k\u00e9sz\u00fclt korosabb\u00a0sz\u00e9k gondoskodik\u00a0a term\u00e9szetk\u00f6zeli \u00e9lm\u00e9nyr\u0151l. A s\u00e1rg\u00e1ra festett,\u00a0vir\u00e1gokkal d\u00edsz\u00edtett torn\u00e1con j\u00f3l esik a reggeli ny\u00fajt\u00f3zkod\u00e1s, mik\u00f6zben az els\u0151 napsugarak l\u00e1gyan cir\u00f3gatj\u00e1k arcunkat.\u00a0Na, indulunk?<\/p>\r\n<p style=\"text-align: center\"><a href=\"https:\/\/kuszob.cafeblog.hu\/files\/2016\/07\/swedish9.jpg\"><img class=\"aligncenter size-full wp-image-2084\" src=\"https:\/\/kuszob.cafeblog.hu\/files\/2016\/07\/swedish9.jpg\" alt=\"swedish9\" width=\"480\" height=\"641\" \/><\/a><\/p>\r\n<p style=\"text-align: center\"><a href=\"https:\/\/kuszob.cafeblog.hu\/files\/2016\/07\/swedish9b.jpg\"><img class=\"aligncenter size-full wp-image-2085\" src=\"https:\/\/kuszob.cafeblog.hu\/files\/2016\/07\/swedish9b.jpg\" alt=\"swedish9b\" width=\"480\" height=\"641\" \/><\/a><\/p>\r\n<p style=\"text-align: center\"><a href=\"https:\/\/kuszob.cafeblog.hu\/files\/2016\/07\/swedish1.jpg\"><img class=\"aligncenter size-full wp-image-2081\" src=\"https:\/\/kuszob.cafeblog.hu\/files\/2016\/07\/swedish1.jpg\" alt=\"swedish1\" width=\"480\" height=\"359\" \/><\/a><\/p>\r\n<p style=\"text-align: center\"><a href=\"https:\/\/kuszob.cafeblog.hu\/files\/2016\/07\/swedish4.jpg\"><img class=\"aligncenter size-full wp-image-2082\" src=\"https:\/\/kuszob.cafeblog.hu\/files\/2016\/07\/swedish4.jpg\" alt=\"swedish4\" width=\"480\" height=\"360\" \/><\/a><\/p>\r\n<p style=\"text-align: center\"><a href=\"https:\/\/kuszob.cafeblog.hu\/files\/2016\/07\/swedish6.jpg\"><img class=\"aligncenter size-full wp-image-2083\" src=\"https:\/\/kuszob.cafeblog.hu\/files\/2016\/07\/swedish6.jpg\" alt=\"swedish6\" width=\"480\" height=\"360\" \/><\/a><\/p>\r\n<p style=\"text-align: center\"><a href=\"https:\/\/kuszob.cafeblog.hu\/files\/2016\/07\/swedish9c.jpg\"><img class=\"aligncenter size-full wp-image-2086\" src=\"https:\/\/kuszob.cafeblog.hu\/files\/2016\/07\/swedish9c.jpg\" alt=\"swedish9c\" width=\"480\" height=\"641\" \/><\/a><\/p>\r\n<p style=\"text-align: center\"><a href=\"https:\/\/kuszob.cafeblog.hu\/files\/2016\/07\/swedish9e.jpg\"><img class=\"aligncenter size-full wp-image-2087\" src=\"https:\/\/kuszob.cafeblog.hu\/files\/2016\/07\/swedish9e.jpg\" alt=\"swedish9e\" width=\"480\" height=\"641\" \/><\/a><\/p>\r\n<p>&nbsp;<\/p>\r\n<p>&nbsp;<\/p>\r\n<p>Forr\u00e1s: <a href=\"http:\/\/www.myscandinavianhome.com\/\" target=\"_blank\">My Scandinavian Home<\/a><\/p>\r\n<p>&nbsp;<\/p>","type":"rich","thumbnail_url":"https:\/\/kuszob.cafeblog.hu\/files\/2016\/07\/swedish9-150x150.jpg","thumbnail_width":150,"thumbnail_height":150}

küszöB

Nyári lak Svédországból

<p>Bár még sosem voltam, de valahogy mindig is vonzottak az elhagyatott tengerparton, természetes zöld környezetben megbúvó skandináv nyaralók. Mivel a tulajdonosok csak nyáron, néhány hétre települnek ide, ezért a skandináv stílusra jellemző funkcionalitás és letisztultság itt hatványozottan van jelen. Már-már zavaróan egyhangú a fehér-szürke-natúr színek által létrehozott szomorkás színvilág. Van benne egyfajta keserédes melankólia, amit speciel én bírok, de nagyon megörültem, amikor ráakadtam erre a merészebb színhasználatot felvonultató svéd nyári lakra. </p>
<p>A keretet itt is a natúr és a fehér színek dominanciája határozza meg, viszont rengeteg színes kiegészítő gondoskodik a vidám, élettel teli hangulatról. Az előszoba tarka rongyszőnyege, kellemes mintájú és árnyalatú tapétája szelíden tessékeli beljebb a látogatókat, hogy az étkezőbe érve a rozsdavörös pad és székek, puha párnák által megteremtett kényelemben csinos kis vintage teáskészletből kortyolgassák a délutáni teát. A hálószobában egy vadrózsamintás tapéta és egy fából készült korosabb szék gondoskodik a természetközeli élményről. A sárgára festett, virágokkal díszített tornácon jól esik a reggeli nyújtózkodás, miközben az első napsugarak lágyan cirógatják arcunkat. Na, indulunk?</p>
<p style="text-align: center"><a href="https://kuszob.cafeblog.hu/files/2016/07/swedish9.jpg"><img class="aligncenter size-full wp-image-2084" src="https://kuszob.cafeblog.hu/files/2016/07/swedish9.jpg" alt="swedish9" width="480" height="641" /></a></p>
<p style="text-align: center"><a href="https://kuszob.cafeblog.hu/files/2016/07/swedish9b.jpg"><img class="aligncenter size-full wp-image-2085" src="https://kuszob.cafeblog.hu/files/2016/07/swedish9b.jpg" alt="swedish9b" width="480" height="641" /></a></p>
<p style="text-align: center"><a href="https://kuszob.cafeblog.hu/files/2016/07/swedish1.jpg"><img class="aligncenter size-full wp-image-2081" src="https://kuszob.cafeblog.hu/files/2016/07/swedish1.jpg" alt="swedish1" width="480" height="359" /></a></p>
<p style="text-align: center"><a href="https://kuszob.cafeblog.hu/files/2016/07/swedish4.jpg"><img class="aligncenter size-full wp-image-2082" src="https://kuszob.cafeblog.hu/files/2016/07/swedish4.jpg" alt="swedish4" width="480" height="360" /></a></p>
<p style="text-align: center"><a href="https://kuszob.cafeblog.hu/files/2016/07/swedish6.jpg"><img class="aligncenter size-full wp-image-2083" src="https://kuszob.cafeblog.hu/files/2016/07/swedish6.jpg" alt="swedish6" width="480" height="360" /></a></p>
<p style="text-align: center"><a href="https://kuszob.cafeblog.hu/files/2016/07/swedish9c.jpg"><img class="aligncenter size-full wp-image-2086" src="https://kuszob.cafeblog.hu/files/2016/07/swedish9c.jpg" alt="swedish9c" width="480" height="641" /></a></p>
<p style="text-align: center"><a href="https://kuszob.cafeblog.hu/files/2016/07/swedish9e.jpg"><img class="aligncenter size-full wp-image-2087" src="https://kuszob.cafeblog.hu/files/2016/07/swedish9e.jpg" alt="swedish9e" width="480" height="641" /></a></p>
<p>&nbsp;</p>
<p>&nbsp;</p>
<p>Forrás: <a href="http://www.myscandinavianhome.com/" target="_blank">My Scandinavian Home</a></p>
<p>&nbsp;</p>
