{"version":"1.0","provider_name":"k\u00fcsz\u00f6B","provider_url":"https:\/\/kuszob.cafeblog.hu","author_name":"Zs\u00f3fi","author_url":"https:\/\/kuszob.cafeblog.hu\/author\/zsofiabakos-91gmail-com\/","title":"K\u00fclt\u00e9ri \u00e1rny\u00e9kol\u00e1s meleg napokra","html":"<p style=\"text-align: left\">Olvashattatok m\u00e1r n\u00e1lunk egy \u00f6sszefoglal\u00f3t a <a href=\"https:\/\/kuszob.cafeblog.hu\/2017\/05\/16\/hagyd-kint-a-forrosagot-arnyekolj-okosan\/\">bels\u0151 \u00e1rny\u00e9kol\u00f3kr\u00f3l<\/a> T\u00fcnde toll\u00e1b\u00f3l, most a t\u00e9ma aktualit\u00e1s\u00e1b\u00f3l fakad\u00f3an k\u00f6vetkezzenek a legn\u00e9pszer\u0171bb k\u00fcls\u0151 \u00e1rny\u00e9kol\u00f3k a teljess\u00e9g ig\u00e9nye n\u00e9lk\u00fcl. Eset\u00fckben nemcsak a napf\u00e9ny elleni v\u00e9delem \u00e9s a kin\u00e9zet fontos, hanem a strapab\u00edr\u00e1suk is, hiszen az id\u0151j\u00e1r\u00e1s viszontags\u00e1gai nem fogj\u00e1k \u0151ket k\u00edm\u00e9lni.<\/p>\r\n<p style=\"text-align: left\" align=\"justify\">Egy j\u00f3 massz\u00edv <strong>red\u0151ny<\/strong> az \u00e1rny\u00e9kol\u00f3 szerepe mellett t\u00e9len a hidegt\u0151l, ny\u00e1ron a melegt\u0151l is \u00f3v. A k\u00fcls\u0151tokos red\u0151ny\u00f6k k\u00f6z\u00f6tt tal\u00e1lunk m\u0171anyag, vagy alum\u00ednium v\u00e1ltozatokat is, el\u0151ny\u00fck, hogy ut\u00f3lag b\u00e1rmilyen ny\u00edl\u00e1sz\u00e1r\u00f3ra felszerelhet\u0151ek, ak\u00e1r teljes s\u00f6t\u00e9t\u00edt\u00e9sre is k\u00e9pesek, de a bejut\u00f3 f\u00e9ny mennyis\u00e9ge szab\u00e1lyozhat\u00f3 is \u00e1ltaluk. Az alum\u00ednium v\u00e1ltozat hosszabb \u00e9lettartamot, jobb h\u0151szigetel\u00e9st \u00e9s mechanikai v\u00e9delmet \u00edg\u00e9r, mint m\u0171anyag t\u00e1rsai, ennek megfelel\u0151en \u00e1rban is magasabb. A red\u0151ny\u00f6k motoriz\u00e1l\u00e1s\u00e1r\u00f3l, zajcs\u00f6kken\u00e9sr\u0151l, be\u00e9p\u00edtett sz\u00fanyogh\u00e1l\u00f3r\u00f3l is k\u00e9rj\u00fck ki szakember v\u00e9lem\u00e9ny\u00e9t, miel\u0151tt d\u00f6nten\u00e9nk, hiszen a k\u00e9nyelem \u00e9s a biztons\u00e1g \u00e9rdek\u00e9ben ezek is fontos szempontok.\u00a0<br \/><a href=\"https:\/\/kuszob.cafeblog.hu\/files\/2017\/05\/k3.jpg\"><br \/><\/a><a href=\"https:\/\/kuszob.cafeblog.hu\/files\/2017\/05\/k3.jpg\"><img class=\"aligncenter wp-image-4419\" src=\"https:\/\/kuszob.cafeblog.hu\/files\/2017\/05\/k3-400x600.jpg\" alt=\"\" width=\"450\" height=\"675\" \/><br \/><\/a> <a href=\"https:\/\/kuszob.cafeblog.hu\/files\/2017\/05\/k4.jpg\"><img class=\"aligncenter wp-image-4420\" src=\"https:\/\/kuszob.cafeblog.hu\/files\/2017\/05\/k4-600x450.jpg\" alt=\"\" width=\"450\" height=\"338\" \/><\/a><br \/>A <strong>zsaluzia<\/strong> a ny\u00edl\u00e1sz\u00e1r\u00f3 k\u00fcls\u0151 oldal\u00e1ra szerelt, alum\u00edniumlapokb\u00f3l \u00e1ll\u00f3 \u00e1rny\u00e9kol\u00f3. Massz\u00edvabb, er\u0151sebb, mint kistestv\u00e9re, a belt\u00e9ri reluxa, \u00e9s az id\u0151j\u00e1r\u00e1s viszontags\u00e1gainak ellen\u00e1ll.<br \/><a href=\"https:\/\/kuszob.cafeblog.hu\/files\/2017\/05\/k5.jpg\"><br \/><\/a><a href=\"https:\/\/kuszob.cafeblog.hu\/files\/2017\/05\/k7.jpg\"><img class=\"aligncenter size-large wp-image-4423\" src=\"https:\/\/kuszob.cafeblog.hu\/files\/2017\/05\/k7-600x382.jpg\" alt=\"\" width=\"600\" height=\"382\" \/><\/a><\/p>\r\n<p style=\"text-align: left\" align=\"justify\">A szem\u00e9lyes kedvencem, a\u00a0<strong>zsalug\u00e1ter<\/strong>\u00a0szint\u00e9n a ny\u00edl\u00e1sz\u00e1r\u00f3 k\u00fcls\u0151 r\u00e9sz\u00e9re ker\u00fcl. Ahogy a nev\u00e9ben is benne van, zsalukb\u00f3l \u00e1ll \u00f6ssze, kinyithat\u00f3 \u00e9s becsukhat\u00f3, mint az ablak. \u00c1ltal\u00e1ban f\u00e1b\u00f3l k\u00e9sz\u00fcl, \u00edgy fest\u00e9ssel k\u00f6nnyen igaz\u00edthat\u00f3 a h\u00e1z megjelen\u00e9s\u00e9hez. Lamell\u00e1i \u00e1ll\u00edthat\u00f3ak, \u00edgy, \u00a0szab\u00e1lyozhatjuk, hogy mennyi f\u00e9nyt engedj\u00fcnk be otthonunkba. Az \u00e1rny\u00e9kol\u00e1s mellett st\u00edlusos is, h\u0151szigetel is, v\u00e9di a ny\u00edl\u00e1sz\u00e1r\u00f3t, s\u0151t, ha teljesen bez\u00e1rjuk, akkor is enged be minim\u00e1lis leveg\u0151t a lak\u00e1sba.<br \/><br \/><a href=\"https:\/\/kuszob.cafeblog.hu\/files\/2017\/05\/k1.jpg\"><img class=\"aligncenter size-large wp-image-4417\" src=\"https:\/\/kuszob.cafeblog.hu\/files\/2017\/05\/k1-451x600.jpg\" alt=\"\" width=\"451\" height=\"600\" \/><\/a><br \/>B\u00e1r hasonl\u00f3 szerepet t\u00f6lt be, mint a zsalug\u00e1ter, a\u00a0<strong>spaletta<\/strong> teljesen t\u00f6m\u00f6r, se f\u00e9nyt, se leveg\u0151t nem enged \u00e1t, teh\u00e1t mindenf\u00e9le k\u00fcls\u0151 behat\u00e1ssal szemben teljes k\u00f6r\u0171en v\u00e9di a ny\u00edl\u00e1sz\u00e1r\u00f3kat. Legt\u00f6bbsz\u00f6r nyaral\u00f3k ny\u00edl\u00e1sz\u00e1r\u00f3in l\u00e1tom el\u0151fordulni, szint\u00e9n k\u00f6nnyed\u00e9n a h\u00e1z st\u00edlus\u00e1hoz igaz\u00edthat\u00f3ak sz\u00ednben, farag\u00e1sban, mint\u00e1ban.<br \/><br \/><a href=\"https:\/\/kuszob.cafeblog.hu\/files\/2017\/05\/k2.jpg\"><img class=\"aligncenter size-large wp-image-4418\" src=\"https:\/\/kuszob.cafeblog.hu\/files\/2017\/05\/k2-443x600.jpg\" alt=\"\" width=\"443\" height=\"600\" \/><\/a><\/p>\r\n<p style=\"text-align: left\" align=\"justify\">A textilb\u0151l k\u00e9sz\u00fclt, h\u00e1z fal\u00e1ra szerelhet\u0151 <strong>napellenz\u0151k<\/strong> eset\u00e9ben is t\u00f6rekedj\u00fcnk min\u0151s\u00e9gi darabot v\u00e1lasztani. A strapab\u00edr\u00f3 anyag mellett nagyon fontos, hogy a tart\u00f3szerkezete is j\u00f3 min\u0151s\u00e9g\u0171 legyen, \u00edgy ugyan borsosabb \u00e1r\u00e9rt, de hossz\u00fa \u00e9let\u0171 darabot kaphatunk, \u00e9s biztosak lehet\u00fcnk benne, hogy a ny\u00e1ri viharok, j\u00e9ges\u0151 nem fogja sz\u00e9tszaggatni, \u00e9s a falunkon sem fog rozsd\u00e1s paca v\u00e9gigcsurogni.<br \/><br \/><a href=\"https:\/\/kuszob.cafeblog.hu\/files\/2017\/05\/k11.jpg\"><img class=\"aligncenter wp-image-4426\" src=\"https:\/\/kuszob.cafeblog.hu\/files\/2017\/05\/k11-459x600.jpg\" alt=\"\" width=\"450\" height=\"589\" \/><\/a><\/p>\r\n<p style=\"text-align: left\" align=\"justify\">A <strong>napvitorla<\/strong> jellegzetes formavil\u00e1ga \u00e9s soksz\u00edn\u0171s\u00e9ge miatt k\u00f6zkedvelt k\u00fclt\u00e9ri \u00e1rny\u00e9kol\u00f3 lett az ut\u00f3bbi \u00e9vekben. L\u00e9gies, vari\u00e1lhat\u00f3, \u00e9s a napsugarak bees\u00e9si sz\u00f6g\u00e9nek megfelel\u0151en \u00e1ll\u00edthatjuk be, hol adjon h\u0171s\u00edt\u0151 \u00e1rny\u00e9kot. Fontos, hogy legyen hova r\u00f6gz\u00edteni a v\u00e9geit.<\/p>\r\n<p style=\"text-align: left\" align=\"justify\"><a href=\"https:\/\/kuszob.cafeblog.hu\/files\/2017\/05\/k8.jpg\"><img class=\"aligncenter wp-image-4424\" src=\"https:\/\/kuszob.cafeblog.hu\/files\/2017\/05\/k8.jpg\" alt=\"\" width=\"450\" height=\"299\" \/><\/a><\/p>\r\n<p style=\"text-align: left\" align=\"justify\">A k\u00f6zkedvelt <strong>naperny\u0151<\/strong> is a k\u00fcls\u0151 \u00e1rny\u00e9kol\u00f3k k\u00f6z\u00e9 tartozik. Nagyon fontos, hogy a talpas tart\u00f3szerkezete \u00e9s textil anyaga j\u00f3 min\u0151s\u00e9g\u0171 legyen, \u00edgy sok\u00e1ig tud kellemes \u00e1rny\u00e9kot \u00e9s st\u00edlusos hangulatot biztos\u00edtani a kertekben, vend\u00e9gl\u00e1t\u00f3helyeken.<br \/><br \/><a href=\"https:\/\/kuszob.cafeblog.hu\/files\/2017\/05\/k9.jpg\"><img class=\"aligncenter wp-image-4425\" src=\"https:\/\/kuszob.cafeblog.hu\/files\/2017\/05\/k9-429x600.jpg\" alt=\"\" width=\"450\" height=\"630\" \/><\/a><\/p>\r\n<p style=\"text-align: left\" align=\"justify\">Forr\u00e1s: <a href=\"http:\/\/www.arnyekolas.hu\/termekeink\">arnyekolas.hu<\/a>, <a href=\"http:\/\/lakberinfo.hu\/dekoracio\/arnyekolas\/2016-05-09-arnyekolastechnika-es-arnyekolok-a-lakberendezesben\/\">Lakberinfo<\/a>, <a href=\"http:\/\/www.horvathesfiai.hu\/fa-nyilaszarok-gyartasa\/\">Horv\u00e1th \u00e9s fiai<\/a><\/p>\r\n<p style=\"text-align: left\" align=\"justify\">K\u00e9pek: <a href=\"http:\/\/www.pinterest.com\" target=\"_blank\" rel=\"noopener noreferrer\">Pinterest<\/a><\/p>\r\n<p style=\"text-align: left\" align=\"justify\">\u00a0<\/p>","type":"rich","thumbnail_url":"https:\/\/kuszob.cafeblog.hu\/files\/2017\/05\/k11-150x150.jpg","thumbnail_width":150,"thumbnail_height":150}

küszöB

Zsófi

Kültéri árnyékolás meleg napokra

<p style="text-align: left">Olvashattatok már nálunk egy összefoglalót a <a href="https://kuszob.cafeblog.hu/2017/05/16/hagyd-kint-a-forrosagot-arnyekolj-okosan/">belső árnyékolókról</a> Tünde tollából, most a téma aktualitásából fakadóan következzenek a legnépszerűbb külső árnyékolók a teljesség igénye nélkül. Esetükben nemcsak a napfény elleni védelem és a kinézet fontos, hanem a strapabírásuk is, hiszen az időjárás viszontagságai nem fogják őket kímélni.</p>
<p style="text-align: left" align="justify">Egy jó masszív <strong>redőny</strong> az árnyékoló szerepe mellett télen a hidegtől, nyáron a melegtől is óv. A külsőtokos redőnyök között találunk műanyag, vagy alumínium változatokat is, előnyük, hogy utólag bármilyen nyílászáróra felszerelhetőek, akár teljes sötétítésre is képesek, de a bejutó fény mennyisége szabályozható is általuk. Az alumínium változat hosszabb élettartamot, jobb hőszigetelést és mechanikai védelmet ígér, mint műanyag társai, ennek megfelelően árban is magasabb. A redőnyök motorizálásáról, zajcsökkenésről, beépített szúnyoghálóról is kérjük ki szakember véleményét, mielőtt döntenénk, hiszen a kényelem és a biztonság érdekében ezek is fontos szempontok. <br /><a href="https://kuszob.cafeblog.hu/files/2017/05/k3.jpg"><br /></a><a href="https://kuszob.cafeblog.hu/files/2017/05/k3.jpg"><img class="aligncenter wp-image-4419" src="https://kuszob.cafeblog.hu/files/2017/05/k3-400x600.jpg" alt="" width="450" height="675" /><br /></a> <a href="https://kuszob.cafeblog.hu/files/2017/05/k4.jpg"><img class="aligncenter wp-image-4420" src="https://kuszob.cafeblog.hu/files/2017/05/k4-600x450.jpg" alt="" width="450" height="338" /></a><br />A <strong>zsaluzia</strong> a nyílászáró külső oldalára szerelt, alumíniumlapokból álló árnyékoló. Masszívabb, erősebb, mint kistestvére, a beltéri reluxa, és az időjárás viszontagságainak ellenáll.<br /><a href="https://kuszob.cafeblog.hu/files/2017/05/k5.jpg"><br /></a><a href="https://kuszob.cafeblog.hu/files/2017/05/k7.jpg"><img class="aligncenter size-large wp-image-4423" src="https://kuszob.cafeblog.hu/files/2017/05/k7-600x382.jpg" alt="" width="600" height="382" /></a></p>
<p style="text-align: left" align="justify">A személyes kedvencem, a <strong>zsalugáter</strong> szintén a nyílászáró külső részére kerül. Ahogy a nevében is benne van, zsalukból áll össze, kinyitható és becsukható, mint az ablak. Általában fából készül, így festéssel könnyen igazítható a ház megjelenéséhez. Lamellái állíthatóak, így,  szabályozhatjuk, hogy mennyi fényt engedjünk be otthonunkba. Az árnyékolás mellett stílusos is, hőszigetel is, védi a nyílászárót, sőt, ha teljesen bezárjuk, akkor is enged be minimális levegőt a lakásba.<br /><br /><a href="https://kuszob.cafeblog.hu/files/2017/05/k1.jpg"><img class="aligncenter size-large wp-image-4417" src="https://kuszob.cafeblog.hu/files/2017/05/k1-451x600.jpg" alt="" width="451" height="600" /></a><br />Bár hasonló szerepet tölt be, mint a zsalugáter, a <strong>spaletta</strong> teljesen tömör, se fényt, se levegőt nem enged át, tehát mindenféle külső behatással szemben teljes körűen védi a nyílászárókat. Legtöbbször nyaralók nyílászáróin látom előfordulni, szintén könnyedén a ház stílusához igazíthatóak színben, faragásban, mintában.<br /><br /><a href="https://kuszob.cafeblog.hu/files/2017/05/k2.jpg"><img class="aligncenter size-large wp-image-4418" src="https://kuszob.cafeblog.hu/files/2017/05/k2-443x600.jpg" alt="" width="443" height="600" /></a></p>
<p style="text-align: left" align="justify">A textilből készült, ház falára szerelhető <strong>napellenzők</strong> esetében is törekedjünk minőségi darabot választani. A strapabíró anyag mellett nagyon fontos, hogy a tartószerkezete is jó minőségű legyen, így ugyan borsosabb árért, de hosszú életű darabot kaphatunk, és biztosak lehetünk benne, hogy a nyári viharok, jégeső nem fogja szétszaggatni, és a falunkon sem fog rozsdás paca végigcsurogni.<br /><br /><a href="https://kuszob.cafeblog.hu/files/2017/05/k11.jpg"><img class="aligncenter wp-image-4426" src="https://kuszob.cafeblog.hu/files/2017/05/k11-459x600.jpg" alt="" width="450" height="589" /></a></p>
<p style="text-align: left" align="justify">A <strong>napvitorla</strong> jellegzetes formavilága és sokszínűsége miatt közkedvelt kültéri árnyékoló lett az utóbbi években. Légies, variálható, és a napsugarak beesési szögének megfelelően állíthatjuk be, hol adjon hűsítő árnyékot. Fontos, hogy legyen hova rögzíteni a végeit.</p>
<p style="text-align: left" align="justify"><a href="https://kuszob.cafeblog.hu/files/2017/05/k8.jpg"><img class="aligncenter wp-image-4424" src="https://kuszob.cafeblog.hu/files/2017/05/k8.jpg" alt="" width="450" height="299" /></a></p>
<p style="text-align: left" align="justify">A közkedvelt <strong>napernyő</strong> is a külső árnyékolók közé tartozik. Nagyon fontos, hogy a talpas tartószerkezete és textil anyaga jó minőségű legyen, így sokáig tud kellemes árnyékot és stílusos hangulatot biztosítani a kertekben, vendéglátóhelyeken.<br /><br /><a href="https://kuszob.cafeblog.hu/files/2017/05/k9.jpg"><img class="aligncenter wp-image-4425" src="https://kuszob.cafeblog.hu/files/2017/05/k9-429x600.jpg" alt="" width="450" height="630" /></a></p>
<p style="text-align: left" align="justify">Forrás: <a href="http://www.arnyekolas.hu/termekeink">arnyekolas.hu</a>, <a href="http://lakberinfo.hu/dekoracio/arnyekolas/2016-05-09-arnyekolastechnika-es-arnyekolok-a-lakberendezesben/">Lakberinfo</a>, <a href="http://www.horvathesfiai.hu/fa-nyilaszarok-gyartasa/">Horváth és fiai</a></p>
<p style="text-align: left" align="justify">Képek: <a href="http://www.pinterest.com" target="_blank" rel="noopener noreferrer">Pinterest</a></p>
<p style="text-align: left" align="justify"> </p>
